{"id":31,"date":"2020-04-13T11:18:52","date_gmt":"2020-04-13T11:18:52","guid":{"rendered":"https:\/\/inselwatt.de\/about\/"},"modified":"2026-01-21T10:08:43","modified_gmt":"2026-01-21T09:08:43","slug":"wattfuehrungen-foehr-amrum-halligen-mit-drei-generationen-hansen","status":"publish","type":"page","link":"https:\/\/www.inselwatt.de\/foehr\/wattfuehrungen-foehr-amrum-halligen-mit-drei-generationen-hansen\/","title":{"rendered":"\u00dcber uns"},"content":{"rendered":"\t\t<div data-elementor-type=\"wp-page\" data-elementor-id=\"31\" class=\"elementor elementor-31\" data-elementor-post-type=\"page\">\n\t\t\t\t\t\t<section class=\"elementor-section elementor-top-section elementor-element elementor-element-8da3c46 elementor-section-height-min-height elementor-section-content-bottom elementor-section-boxed elementor-section-height-default elementor-section-items-middle elementor-invisible\" data-id=\"8da3c46\" data-element_type=\"section\" data-e-type=\"section\" data-settings=\"{&quot;background_background&quot;:&quot;classic&quot;,&quot;animation&quot;:&quot;fadeInLeft&quot;}\">\n\t\t\t\t\t\t<div class=\"elementor-container elementor-column-gap-default\">\n\t\t\t\t\t<div class=\"elementor-column elementor-col-100 elementor-top-column elementor-element elementor-element-0d6e509 elementor-invisible\" data-id=\"0d6e509\" data-element_type=\"column\" data-e-type=\"column\" data-settings=\"{&quot;background_background&quot;:&quot;classic&quot;,&quot;animation&quot;:&quot;fadeInLeft&quot;}\">\n\t\t\t<div class=\"elementor-widget-wrap elementor-element-populated\">\n\t\t\t\t\t\t<div class=\"elementor-element elementor-element-1d607c3 elementor-absolute elementor-widget elementor-widget-heading\" data-id=\"1d607c3\" data-element_type=\"widget\" data-e-type=\"widget\" data-settings=\"{&quot;_position&quot;:&quot;absolute&quot;}\" data-widget_type=\"heading.default\">\n\t\t\t\t<div class=\"elementor-widget-container\">\n\t\t\t\t\t<h2 class=\"elementor-heading-title elementor-size-large\">Familie Hansen -\n\nWatt Wandern in der  3. Generation<\/h2>\t\t\t\t<\/div>\n\t\t\t\t<\/div>\n\t\t\t\t\t<\/div>\n\t\t<\/div>\n\t\t\t\t\t<\/div>\n\t\t<\/section>\n\t\t\t\t<section class=\"elementor-section elementor-top-section elementor-element elementor-element-0d2a891 elementor-section-boxed elementor-section-height-default elementor-section-height-default\" data-id=\"0d2a891\" data-element_type=\"section\" data-e-type=\"section\">\n\t\t\t\t\t\t<div class=\"elementor-container elementor-column-gap-default\">\n\t\t\t\t\t<div class=\"elementor-column elementor-col-33 elementor-top-column elementor-element elementor-element-a7cfb39\" data-id=\"a7cfb39\" data-element_type=\"column\" data-e-type=\"column\">\n\t\t\t<div class=\"elementor-widget-wrap elementor-element-populated\">\n\t\t\t\t\t\t<div class=\"elementor-element elementor-element-d0c751d elementor-widget elementor-widget-image\" data-id=\"d0c751d\" data-element_type=\"widget\" data-e-type=\"widget\" data-widget_type=\"image.default\">\n\t\t\t\t<div class=\"elementor-widget-container\">\n\t\t\t\t\t\t\t\t\t\t\t\t\t\t\t<img fetchpriority=\"high\" decoding=\"async\" width=\"768\" height=\"768\" src=\"https:\/\/www.inselwatt.de\/foehr\/wp-content\/uploads\/2026\/01\/wattfuehrer-karsten-hansen-768x768.jpg\" class=\"attachment-medium_large size-medium_large wp-image-13399\" alt=\"Wattf\u00fchrer Karsten Hansen\" srcset=\"https:\/\/www.inselwatt.de\/foehr\/wp-content\/uploads\/2026\/01\/wattfuehrer-karsten-hansen-768x768.jpg 768w, https:\/\/www.inselwatt.de\/foehr\/wp-content\/uploads\/2026\/01\/wattfuehrer-karsten-hansen-300x300.jpg 300w, https:\/\/www.inselwatt.de\/foehr\/wp-content\/uploads\/2026\/01\/wattfuehrer-karsten-hansen-900x900.jpg 900w, https:\/\/www.inselwatt.de\/foehr\/wp-content\/uploads\/2026\/01\/wattfuehrer-karsten-hansen-150x150.jpg 150w, https:\/\/www.inselwatt.de\/foehr\/wp-content\/uploads\/2026\/01\/wattfuehrer-karsten-hansen-500x500.jpg 500w, https:\/\/www.inselwatt.de\/foehr\/wp-content\/uploads\/2026\/01\/wattfuehrer-karsten-hansen.jpg 1100w\" sizes=\"(max-width: 768px) 100vw, 768px\" \/>\t\t\t\t\t\t\t\t\t\t\t\t\t\t\t<\/div>\n\t\t\t\t<\/div>\n\t\t\t\t<div class=\"elementor-element elementor-element-6b671b2 elementor-widget elementor-widget-text-editor\" data-id=\"6b671b2\" data-element_type=\"widget\" data-e-type=\"widget\" data-widget_type=\"text-editor.default\">\n\t\t\t\t<div class=\"elementor-widget-container\">\n\t\t\t\t\t\t\t\t\t<h3>Karsten<\/h3><p>Karsten ist 1965 mit seiner Familie nach F\u00f6hr gezogen und hat dort eine Tischlerei am S\u00fcdstrand \u00fcbernommen.<\/p><p>Tischlermeister und seit 1995 Wattf\u00fchrer, haupts\u00e4chlich auf den Touren nach Oland, Langene\u00df und Norderoog.<\/p><p>1935 &#8211; 2018<\/p>\t\t\t\t\t\t\t\t<\/div>\n\t\t\t\t<\/div>\n\t\t\t\t\t<\/div>\n\t\t<\/div>\n\t\t\t\t<div class=\"elementor-column elementor-col-33 elementor-top-column elementor-element elementor-element-1140ff7\" data-id=\"1140ff7\" data-element_type=\"column\" data-e-type=\"column\">\n\t\t\t<div class=\"elementor-widget-wrap elementor-element-populated\">\n\t\t\t\t\t\t<div class=\"elementor-element elementor-element-4ae3da6 elementor-widget elementor-widget-image\" data-id=\"4ae3da6\" data-element_type=\"widget\" data-e-type=\"widget\" data-widget_type=\"image.default\">\n\t\t\t\t<div class=\"elementor-widget-container\">\n\t\t\t\t\t\t\t\t\t\t\t\t\t\t\t<img decoding=\"async\" width=\"900\" height=\"900\" src=\"https:\/\/www.inselwatt.de\/foehr\/wp-content\/uploads\/2026\/01\/matthias-hansen-nationalpark-wattfuehrer-900x900.jpg\" class=\"attachment-large size-large wp-image-13396\" alt=\"Nationalpark-Wattf\u00fchrer Matthias Hansen\" srcset=\"https:\/\/www.inselwatt.de\/foehr\/wp-content\/uploads\/2026\/01\/matthias-hansen-nationalpark-wattfuehrer-900x900.jpg 900w, https:\/\/www.inselwatt.de\/foehr\/wp-content\/uploads\/2026\/01\/matthias-hansen-nationalpark-wattfuehrer-300x300.jpg 300w, https:\/\/www.inselwatt.de\/foehr\/wp-content\/uploads\/2026\/01\/matthias-hansen-nationalpark-wattfuehrer-150x150.jpg 150w, https:\/\/www.inselwatt.de\/foehr\/wp-content\/uploads\/2026\/01\/matthias-hansen-nationalpark-wattfuehrer-768x768.jpg 768w, https:\/\/www.inselwatt.de\/foehr\/wp-content\/uploads\/2026\/01\/matthias-hansen-nationalpark-wattfuehrer-500x500.jpg 500w, https:\/\/www.inselwatt.de\/foehr\/wp-content\/uploads\/2026\/01\/matthias-hansen-nationalpark-wattfuehrer.jpg 1400w\" sizes=\"(max-width: 900px) 100vw, 900px\" \/>\t\t\t\t\t\t\t\t\t\t\t\t\t\t\t<\/div>\n\t\t\t\t<\/div>\n\t\t\t\t<div class=\"elementor-element elementor-element-bd00ce2 elementor-widget elementor-widget-text-editor\" data-id=\"bd00ce2\" data-element_type=\"widget\" data-e-type=\"widget\" data-widget_type=\"text-editor.default\">\n\t\t\t\t<div class=\"elementor-widget-container\">\n\t\t\t\t\t\t\t\t\t<h3>Matthias<\/h3><p>Tischlermeister, der die Schreinerei vom Senior seit 1995 f\u00fchrt und im Sommer\u00a0 zus\u00e4tzlich als Wattf\u00fchrer zusammen mit seinem Sohn Henrik Touren anbietet.<\/p><p>9 Monate Tischlermeister + 3 Monate Wattf\u00fchrer.<\/p><p>Wohnt auf F\u00f6hr und f\u00fchrt die Touren f\u00fcr die F\u00f6hrer G\u00e4ste.<\/p>\t\t\t\t\t\t\t\t<\/div>\n\t\t\t\t<\/div>\n\t\t\t\t<div class=\"elementor-element elementor-element-94c51d5 elementor-widget elementor-widget-button\" data-id=\"94c51d5\" data-element_type=\"widget\" data-e-type=\"widget\" data-widget_type=\"button.default\">\n\t\t\t\t<div class=\"elementor-widget-container\">\n\t\t\t\t\t\t\t\t\t<div class=\"elementor-button-wrapper\">\n\t\t\t\t\t<a class=\"elementor-button elementor-button-link elementor-size-sm\" href=\"https:\/\/www.inselwatt.de\/foehr\/termine\/\">\n\t\t\t\t\t\t<span class=\"elementor-button-content-wrapper\">\n\t\t\t\t\t\t\t\t\t<span class=\"elementor-button-text\">Termine f\u00fcr F\u00f6hrer G\u00e4ste<\/span>\n\t\t\t\t\t<\/span>\n\t\t\t\t\t<\/a>\n\t\t\t\t<\/div>\n\t\t\t\t\t\t\t\t<\/div>\n\t\t\t\t<\/div>\n\t\t\t\t\t<\/div>\n\t\t<\/div>\n\t\t\t\t<div class=\"elementor-column elementor-col-33 elementor-top-column elementor-element elementor-element-46b321e\" data-id=\"46b321e\" data-element_type=\"column\" data-e-type=\"column\">\n\t\t\t<div class=\"elementor-widget-wrap elementor-element-populated\">\n\t\t\t\t\t\t<div class=\"elementor-element elementor-element-c49fe4a elementor-widget elementor-widget-image\" data-id=\"c49fe4a\" data-element_type=\"widget\" data-e-type=\"widget\" data-widget_type=\"image.default\">\n\t\t\t\t<div class=\"elementor-widget-container\">\n\t\t\t\t\t\t\t\t\t\t\t\t\t\t\t<img decoding=\"async\" width=\"768\" height=\"768\" src=\"https:\/\/www.inselwatt.de\/foehr\/wp-content\/uploads\/2026\/01\/wattfuehrer-henrik-hansen-768x768.jpg\" class=\"attachment-medium_large size-medium_large wp-image-13398\" alt=\"Wattf\u00fchrer Henrik Hansen\" srcset=\"https:\/\/www.inselwatt.de\/foehr\/wp-content\/uploads\/2026\/01\/wattfuehrer-henrik-hansen-768x768.jpg 768w, https:\/\/www.inselwatt.de\/foehr\/wp-content\/uploads\/2026\/01\/wattfuehrer-henrik-hansen-300x300.jpg 300w, https:\/\/www.inselwatt.de\/foehr\/wp-content\/uploads\/2026\/01\/wattfuehrer-henrik-hansen-900x900.jpg 900w, https:\/\/www.inselwatt.de\/foehr\/wp-content\/uploads\/2026\/01\/wattfuehrer-henrik-hansen-150x150.jpg 150w, https:\/\/www.inselwatt.de\/foehr\/wp-content\/uploads\/2026\/01\/wattfuehrer-henrik-hansen-500x500.jpg 500w, https:\/\/www.inselwatt.de\/foehr\/wp-content\/uploads\/2026\/01\/wattfuehrer-henrik-hansen.jpg 935w\" sizes=\"(max-width: 768px) 100vw, 768px\" \/>\t\t\t\t\t\t\t\t\t\t\t\t\t\t\t<\/div>\n\t\t\t\t<\/div>\n\t\t\t\t<div class=\"elementor-element elementor-element-31a5c7c elementor-widget elementor-widget-text-editor\" data-id=\"31a5c7c\" data-element_type=\"widget\" data-e-type=\"widget\" data-widget_type=\"text-editor.default\">\n\t\t\t\t<div class=\"elementor-widget-container\">\n\t\t\t\t\t\t\t\t\t<h3>Henrik<\/h3><p>Geboren und aufgewachsen auf F\u00f6hr.\u00a0 Arbeitet als\u00a0 Tischler in den kalten Winter Monaten und\u00a0 in der Sommersaison beim Fahrradverleih &#8220;Windst\u00e4rke 13&#8221; in Norddorf und als Wattf\u00fchrer.<\/p><p>Wohnt auf Amrum und f\u00fchrt die Touren f\u00fcr die Amrumer G\u00e4ste.<\/p>\t\t\t\t\t\t\t\t<\/div>\n\t\t\t\t<\/div>\n\t\t\t\t<div class=\"elementor-element elementor-element-9072269 elementor-widget elementor-widget-button\" data-id=\"9072269\" data-element_type=\"widget\" data-e-type=\"widget\" data-widget_type=\"button.default\">\n\t\t\t\t<div class=\"elementor-widget-container\">\n\t\t\t\t\t\t\t\t\t<div class=\"elementor-button-wrapper\">\n\t\t\t\t\t<a class=\"elementor-button elementor-button-link elementor-size-sm\" href=\"https:\/\/www.inselwatt.de\/amrum\/termine\/\">\n\t\t\t\t\t\t<span class=\"elementor-button-content-wrapper\">\n\t\t\t\t\t\t\t\t\t<span class=\"elementor-button-text\">Termine f\u00fcr Amrumer G\u00e4ste<\/span>\n\t\t\t\t\t<\/span>\n\t\t\t\t\t<\/a>\n\t\t\t\t<\/div>\n\t\t\t\t\t\t\t\t<\/div>\n\t\t\t\t<\/div>\n\t\t\t\t\t<\/div>\n\t\t<\/div>\n\t\t\t\t\t<\/div>\n\t\t<\/section>\n\t\t\t\t<section class=\"elementor-section elementor-top-section elementor-element elementor-element-da8c96f elementor-section-boxed elementor-section-height-default elementor-section-height-default\" data-id=\"da8c96f\" data-element_type=\"section\" data-e-type=\"section\">\n\t\t\t\t\t\t<div class=\"elementor-container elementor-column-gap-default\">\n\t\t\t\t\t<div class=\"elementor-column elementor-col-100 elementor-top-column elementor-element elementor-element-1c46c33\" data-id=\"1c46c33\" data-element_type=\"column\" data-e-type=\"column\">\n\t\t\t<div class=\"elementor-widget-wrap\">\n\t\t\t\t\t\t\t<\/div>\n\t\t<\/div>\n\t\t\t\t\t<\/div>\n\t\t<\/section>\n\t\t\t\t<\/div>\n\t\t","protected":false},"excerpt":{"rendered":"<p>Familie Hansen &#8211; Watt Wandern in der 3. Generation Karsten Karsten ist 1965 mit seiner Familie nach F\u00f6hr gezogen und hat dort eine Tischlerei am S\u00fcdstrand \u00fcbernommen. Tischlermeister und seit 1995 Wattf\u00fchrer, haupts\u00e4chlich auf den Touren nach Oland, Langene\u00df und Norderoog. 1935 &#8211; 2018 Matthias Tischlermeister, der die Schreinerei vom Senior seit 1995 f\u00fchrt und [&hellip;]<\/p>\n","protected":false},"author":1,"featured_media":13395,"parent":0,"menu_order":0,"comment_status":"closed","ping_status":"closed","template":"","meta":{"_acf_changed":false,"site-sidebar-layout":"no-sidebar","site-content-layout":"page-builder","ast-site-content-layout":"full-width-container","site-content-style":"unboxed","site-sidebar-style":"unboxed","ast-global-header-display":"","ast-banner-title-visibility":"","ast-main-header-display":"","ast-hfb-above-header-display":"","ast-hfb-below-header-display":"","ast-hfb-mobile-header-display":"","site-post-title":"disabled","ast-breadcrumbs-content":"","ast-featured-img":"","footer-sml-layout":"","ast-disable-related-posts":"","theme-transparent-header-meta":"enabled","adv-header-id-meta":"","stick-header-meta":"","header-above-stick-meta":"","header-main-stick-meta":"","header-below-stick-meta":"","astra-migrate-meta-layouts":"set","ast-page-background-enabled":"default","ast-page-background-meta":{"desktop":{"background-color":"","background-image":"","background-repeat":"repeat","background-position":"center center","background-size":"auto","background-attachment":"scroll","background-type":"","background-media":"","overlay-type":"","overlay-color":"","overlay-opacity":"","overlay-gradient":""},"tablet":{"background-color":"","background-image":"","background-repeat":"repeat","background-position":"center center","background-size":"auto","background-attachment":"scroll","background-type":"","background-media":"","overlay-type":"","overlay-color":"","overlay-opacity":"","overlay-gradient":""},"mobile":{"background-color":"","background-image":"","background-repeat":"repeat","background-position":"center center","background-size":"auto","background-attachment":"scroll","background-type":"","background-media":"","overlay-type":"","overlay-color":"","overlay-opacity":"","overlay-gradient":""}},"ast-content-background-meta":{"desktop":{"background-color":"var(--ast-global-color-5)","background-image":"","background-repeat":"repeat","background-position":"center center","background-size":"auto","background-attachment":"scroll","background-type":"","background-media":"","overlay-type":"","overlay-color":"","overlay-opacity":"","overlay-gradient":""},"tablet":{"background-color":"var(--ast-global-color-5)","background-image":"","background-repeat":"repeat","background-position":"center center","background-size":"auto","background-attachment":"scroll","background-type":"","background-media":"","overlay-type":"","overlay-color":"","overlay-opacity":"","overlay-gradient":""},"mobile":{"background-color":"var(--ast-global-color-5)","background-image":"","background-repeat":"repeat","background-position":"center center","background-size":"auto","background-attachment":"scroll","background-type":"","background-media":"","overlay-type":"","overlay-color":"","overlay-opacity":"","overlay-gradient":""}},"footnotes":""},"class_list":["post-31","page","type-page","status-publish","has-post-thumbnail","hentry"],"acf":[],"yoast_head":"<!-- This site is optimized with the Yoast SEO plugin v27.5 - https:\/\/yoast.com\/product\/yoast-seo-wordpress\/ -->\n<title>Wattf\u00fchrung F\u00f6hr Amrum Halligen mit drei Generationen Hansen<\/title>\n<meta name=\"description\" content=\"Wattf\u00fchrungen in der 3. Generation der Familie Hansen. Karsten, Matthias und Henrik. Wattf\u00fchrer zwischen den Inseln F\u00f6hr, Amrum, Halligen.\" \/>\n<meta name=\"robots\" content=\"index, follow, max-snippet:-1, max-image-preview:large, max-video-preview:-1\" \/>\n<link rel=\"canonical\" href=\"https:\/\/www.inselwatt.de\/foehr\/wattfuehrungen-foehr-amrum-halligen-mit-drei-generationen-hansen\/\" \/>\n<meta property=\"og:locale\" content=\"de_DE\" \/>\n<meta property=\"og:type\" content=\"article\" \/>\n<meta property=\"og:title\" content=\"Wattf\u00fchrung F\u00f6hr Amrum Halligen mit drei Generationen Hansen\" \/>\n<meta property=\"og:description\" content=\"Wattf\u00fchrungen in der 3. Generation der Familie Hansen. Karsten, Matthias und Henrik. Wattf\u00fchrer zwischen den Inseln F\u00f6hr, Amrum, Halligen.\" \/>\n<meta property=\"og:url\" content=\"https:\/\/www.inselwatt.de\/foehr\/wattfuehrungen-foehr-amrum-halligen-mit-drei-generationen-hansen\/\" \/>\n<meta property=\"og:site_name\" content=\"Inselwatt Foehr\" \/>\n<meta property=\"article:modified_time\" content=\"2026-01-21T09:08:43+00:00\" \/>\n<meta property=\"og:image\" content=\"https:\/\/www.inselwatt.de\/foehr\/wp-content\/uploads\/2026\/05\/exklusiv-in-kleiner-gruppe-mit-inselwatt.jpg\" \/>\n\t<meta property=\"og:image:width\" content=\"1180\" \/>\n\t<meta property=\"og:image:height\" content=\"1180\" \/>\n\t<meta property=\"og:image:type\" content=\"image\/jpeg\" \/>\n<meta name=\"twitter:card\" content=\"summary_large_image\" \/>\n<script type=\"application\/ld+json\" class=\"yoast-schema-graph\">{\"@context\":\"https:\\\/\\\/schema.org\",\"@graph\":[{\"@type\":\"WebPage\",\"@id\":\"https:\\\/\\\/www.inselwatt.de\\\/foehr\\\/wattfuehrungen-foehr-amrum-halligen-mit-drei-generationen-hansen\\\/\",\"url\":\"https:\\\/\\\/www.inselwatt.de\\\/foehr\\\/wattfuehrungen-foehr-amrum-halligen-mit-drei-generationen-hansen\\\/\",\"name\":\"Wattf\u00fchrung F\u00f6hr Amrum Halligen mit drei Generationen Hansen\",\"isPartOf\":{\"@id\":\"https:\\\/\\\/www.inselwatt.de\\\/foehr\\\/#website\"},\"primaryImageOfPage\":{\"@id\":\"https:\\\/\\\/www.inselwatt.de\\\/foehr\\\/wattfuehrungen-foehr-amrum-halligen-mit-drei-generationen-hansen\\\/#primaryimage\"},\"image\":{\"@id\":\"https:\\\/\\\/www.inselwatt.de\\\/foehr\\\/wattfuehrungen-foehr-amrum-halligen-mit-drei-generationen-hansen\\\/#primaryimage\"},\"thumbnailUrl\":\"https:\\\/\\\/www.inselwatt.de\\\/foehr\\\/wp-content\\\/uploads\\\/2026\\\/05\\\/exklusiv-in-kleiner-gruppe-mit-inselwatt.jpg\",\"datePublished\":\"2020-04-13T11:18:52+00:00\",\"dateModified\":\"2026-01-21T09:08:43+00:00\",\"description\":\"Wattf\u00fchrungen in der 3. Generation der Familie Hansen. Karsten, Matthias und Henrik. Wattf\u00fchrer zwischen den Inseln F\u00f6hr, Amrum, Halligen.\",\"breadcrumb\":{\"@id\":\"https:\\\/\\\/www.inselwatt.de\\\/foehr\\\/wattfuehrungen-foehr-amrum-halligen-mit-drei-generationen-hansen\\\/#breadcrumb\"},\"inLanguage\":\"de\",\"potentialAction\":[{\"@type\":\"ReadAction\",\"target\":[\"https:\\\/\\\/www.inselwatt.de\\\/foehr\\\/wattfuehrungen-foehr-amrum-halligen-mit-drei-generationen-hansen\\\/\"]}]},{\"@type\":\"ImageObject\",\"inLanguage\":\"de\",\"@id\":\"https:\\\/\\\/www.inselwatt.de\\\/foehr\\\/wattfuehrungen-foehr-amrum-halligen-mit-drei-generationen-hansen\\\/#primaryimage\",\"url\":\"https:\\\/\\\/www.inselwatt.de\\\/foehr\\\/wp-content\\\/uploads\\\/2026\\\/05\\\/exklusiv-in-kleiner-gruppe-mit-inselwatt.jpg\",\"contentUrl\":\"https:\\\/\\\/www.inselwatt.de\\\/foehr\\\/wp-content\\\/uploads\\\/2026\\\/05\\\/exklusiv-in-kleiner-gruppe-mit-inselwatt.jpg\",\"width\":1180,\"height\":1180,\"caption\":\"Wattf\u00fchrer Matthias Hansen mit einer individuellen Wattwanderung.\"},{\"@type\":\"BreadcrumbList\",\"@id\":\"https:\\\/\\\/www.inselwatt.de\\\/foehr\\\/wattfuehrungen-foehr-amrum-halligen-mit-drei-generationen-hansen\\\/#breadcrumb\",\"itemListElement\":[{\"@type\":\"ListItem\",\"position\":1,\"name\":\"Startseite\",\"item\":\"https:\\\/\\\/www.inselwatt.de\\\/foehr\\\/\"},{\"@type\":\"ListItem\",\"position\":2,\"name\":\"\u00dcber uns\"}]},{\"@type\":\"WebSite\",\"@id\":\"https:\\\/\\\/www.inselwatt.de\\\/foehr\\\/#website\",\"url\":\"https:\\\/\\\/www.inselwatt.de\\\/foehr\\\/\",\"name\":\"Inselwatt Foehr\",\"description\":\"Wattwanderungen  F\u00f6hr, Amrum, Halligen\",\"potentialAction\":[{\"@type\":\"SearchAction\",\"target\":{\"@type\":\"EntryPoint\",\"urlTemplate\":\"https:\\\/\\\/www.inselwatt.de\\\/foehr\\\/?s={search_term_string}\"},\"query-input\":{\"@type\":\"PropertyValueSpecification\",\"valueRequired\":true,\"valueName\":\"search_term_string\"}}],\"inLanguage\":\"de\"}]}<\/script>\n<!-- \/ Yoast SEO plugin. -->","yoast_head_json":{"title":"Wattf\u00fchrung F\u00f6hr Amrum Halligen mit drei Generationen Hansen","description":"Wattf\u00fchrungen in der 3. Generation der Familie Hansen. Karsten, Matthias und Henrik. Wattf\u00fchrer zwischen den Inseln F\u00f6hr, Amrum, Halligen.","robots":{"index":"index","follow":"follow","max-snippet":"max-snippet:-1","max-image-preview":"max-image-preview:large","max-video-preview":"max-video-preview:-1"},"canonical":"https:\/\/www.inselwatt.de\/foehr\/wattfuehrungen-foehr-amrum-halligen-mit-drei-generationen-hansen\/","og_locale":"de_DE","og_type":"article","og_title":"Wattf\u00fchrung F\u00f6hr Amrum Halligen mit drei Generationen Hansen","og_description":"Wattf\u00fchrungen in der 3. Generation der Familie Hansen. Karsten, Matthias und Henrik. Wattf\u00fchrer zwischen den Inseln F\u00f6hr, Amrum, Halligen.","og_url":"https:\/\/www.inselwatt.de\/foehr\/wattfuehrungen-foehr-amrum-halligen-mit-drei-generationen-hansen\/","og_site_name":"Inselwatt Foehr","article_modified_time":"2026-01-21T09:08:43+00:00","og_image":[{"width":1180,"height":1180,"url":"https:\/\/www.inselwatt.de\/foehr\/wp-content\/uploads\/2026\/05\/exklusiv-in-kleiner-gruppe-mit-inselwatt.jpg","type":"image\/jpeg"}],"twitter_card":"summary_large_image","schema":{"@context":"https:\/\/schema.org","@graph":[{"@type":"WebPage","@id":"https:\/\/www.inselwatt.de\/foehr\/wattfuehrungen-foehr-amrum-halligen-mit-drei-generationen-hansen\/","url":"https:\/\/www.inselwatt.de\/foehr\/wattfuehrungen-foehr-amrum-halligen-mit-drei-generationen-hansen\/","name":"Wattf\u00fchrung F\u00f6hr Amrum Halligen mit drei Generationen Hansen","isPartOf":{"@id":"https:\/\/www.inselwatt.de\/foehr\/#website"},"primaryImageOfPage":{"@id":"https:\/\/www.inselwatt.de\/foehr\/wattfuehrungen-foehr-amrum-halligen-mit-drei-generationen-hansen\/#primaryimage"},"image":{"@id":"https:\/\/www.inselwatt.de\/foehr\/wattfuehrungen-foehr-amrum-halligen-mit-drei-generationen-hansen\/#primaryimage"},"thumbnailUrl":"https:\/\/www.inselwatt.de\/foehr\/wp-content\/uploads\/2026\/05\/exklusiv-in-kleiner-gruppe-mit-inselwatt.jpg","datePublished":"2020-04-13T11:18:52+00:00","dateModified":"2026-01-21T09:08:43+00:00","description":"Wattf\u00fchrungen in der 3. Generation der Familie Hansen. Karsten, Matthias und Henrik. Wattf\u00fchrer zwischen den Inseln F\u00f6hr, Amrum, Halligen.","breadcrumb":{"@id":"https:\/\/www.inselwatt.de\/foehr\/wattfuehrungen-foehr-amrum-halligen-mit-drei-generationen-hansen\/#breadcrumb"},"inLanguage":"de","potentialAction":[{"@type":"ReadAction","target":["https:\/\/www.inselwatt.de\/foehr\/wattfuehrungen-foehr-amrum-halligen-mit-drei-generationen-hansen\/"]}]},{"@type":"ImageObject","inLanguage":"de","@id":"https:\/\/www.inselwatt.de\/foehr\/wattfuehrungen-foehr-amrum-halligen-mit-drei-generationen-hansen\/#primaryimage","url":"https:\/\/www.inselwatt.de\/foehr\/wp-content\/uploads\/2026\/05\/exklusiv-in-kleiner-gruppe-mit-inselwatt.jpg","contentUrl":"https:\/\/www.inselwatt.de\/foehr\/wp-content\/uploads\/2026\/05\/exklusiv-in-kleiner-gruppe-mit-inselwatt.jpg","width":1180,"height":1180,"caption":"Wattf\u00fchrer Matthias Hansen mit einer individuellen Wattwanderung."},{"@type":"BreadcrumbList","@id":"https:\/\/www.inselwatt.de\/foehr\/wattfuehrungen-foehr-amrum-halligen-mit-drei-generationen-hansen\/#breadcrumb","itemListElement":[{"@type":"ListItem","position":1,"name":"Startseite","item":"https:\/\/www.inselwatt.de\/foehr\/"},{"@type":"ListItem","position":2,"name":"\u00dcber uns"}]},{"@type":"WebSite","@id":"https:\/\/www.inselwatt.de\/foehr\/#website","url":"https:\/\/www.inselwatt.de\/foehr\/","name":"Inselwatt Foehr","description":"Wattwanderungen  F\u00f6hr, Amrum, Halligen","potentialAction":[{"@type":"SearchAction","target":{"@type":"EntryPoint","urlTemplate":"https:\/\/www.inselwatt.de\/foehr\/?s={search_term_string}"},"query-input":{"@type":"PropertyValueSpecification","valueRequired":true,"valueName":"search_term_string"}}],"inLanguage":"de"}]}},"_links":{"self":[{"href":"https:\/\/www.inselwatt.de\/foehr\/wp-json\/wp\/v2\/pages\/31","targetHints":{"allow":["GET"]}}],"collection":[{"href":"https:\/\/www.inselwatt.de\/foehr\/wp-json\/wp\/v2\/pages"}],"about":[{"href":"https:\/\/www.inselwatt.de\/foehr\/wp-json\/wp\/v2\/types\/page"}],"author":[{"embeddable":true,"href":"https:\/\/www.inselwatt.de\/foehr\/wp-json\/wp\/v2\/users\/1"}],"replies":[{"embeddable":true,"href":"https:\/\/www.inselwatt.de\/foehr\/wp-json\/wp\/v2\/comments?post=31"}],"version-history":[{"count":440,"href":"https:\/\/www.inselwatt.de\/foehr\/wp-json\/wp\/v2\/pages\/31\/revisions"}],"predecessor-version":[{"id":13465,"href":"https:\/\/www.inselwatt.de\/foehr\/wp-json\/wp\/v2\/pages\/31\/revisions\/13465"}],"wp:featuredmedia":[{"embeddable":true,"href":"https:\/\/www.inselwatt.de\/foehr\/wp-json\/wp\/v2\/media\/13395"}],"wp:attachment":[{"href":"https:\/\/www.inselwatt.de\/foehr\/wp-json\/wp\/v2\/media?parent=31"}],"curies":[{"name":"wp","href":"https:\/\/api.w.org\/{rel}","templated":true}]}}