{"id":10650,"date":"2026-03-09T16:23:07","date_gmt":"2026-03-09T15:23:07","guid":{"rendered":"https:\/\/www.inselwatt.de\/amrum\/?page_id=10650"},"modified":"2026-03-25T11:47:21","modified_gmt":"2026-03-25T10:47:21","slug":"impressum-neu","status":"publish","type":"page","link":"https:\/\/www.inselwatt.de\/amrum\/impressum-neu\/","title":{"rendered":"Impressum"},"content":{"rendered":"\t\t<div data-elementor-type=\"wp-page\" data-elementor-id=\"10650\" class=\"elementor elementor-10650\">\n\t\t\t\t\t\t<section class=\"elementor-section elementor-top-section elementor-element elementor-element-0985042 elementor-section-boxed elementor-section-height-default elementor-section-height-default\" data-id=\"0985042\" data-element_type=\"section\" data-e-type=\"section\">\n\t\t\t\t\t\t<div class=\"elementor-container elementor-column-gap-default\">\n\t\t\t\t\t<div class=\"elementor-column elementor-col-100 elementor-top-column elementor-element elementor-element-616b8d0\" data-id=\"616b8d0\" data-element_type=\"column\" data-e-type=\"column\">\n\t\t\t<div class=\"elementor-widget-wrap elementor-element-populated\">\n\t\t\t\t\t\t<div class=\"elementor-element elementor-element-254b371 elementor-widget elementor-widget-erecht24\" data-id=\"254b371\" data-element_type=\"widget\" data-e-type=\"widget\" data-widget_type=\"erecht24.default\">\n\t\t\t\t<div class=\"elementor-widget-container\">\n\t\t\t\t\t<div class=\"erecht24-elementor-widget\"><div style=\"word-wrap: break-word;\"><h1>Impressum<\/h1>\n\n<p>Matthias Hansen<br \/>\nInselwatt - Wattwanderungen Amrum<br \/>\nStrunwoi 11<br \/>\n25938 Borgsum<\/p>\n\n<h2>Kontakt<\/h2>\n<p>Telefon: 0151-20232361<br \/>\nE-Mail: info@inselwatt.de<\/p>\n\n<h2>Umsatzsteuer-ID<\/h2>\n<p>Umsatzsteuer-Identifikationsnummer gem&auml;&szlig; &sect; 27 a Umsatzsteuergesetz:<br \/>\nDE 134964054<\/p>\n\n<h2>Aufsichtsbeh&ouml;rde<\/h2>\n<p>Amt F&ouml;hr-Amrum<br \/>\nHafenstra&szlig;e 23<br \/>\r\n25938 Wyk<\/p>\n<p><a href=\"http:\/\/www.amtfa.de\/\" target=\"_blank\" rel=\"noopener noreferrer\">http:\/\/www.amtfa.de\/<\/a><\/p>\n\n<h2>Angaben zur Berufs&shy;haftpflicht&shy;versicherung<\/h2>\n<p><strong>Name und Sitz des Versicherers:<\/strong><br \/>\nAxa Profi-Schutzhaftpflicht, Sitz der Versicherung: K&ouml;ln<\/p>\n<p><strong>Geltungsraum der Versicherung:<\/strong><br \/>Deutschland<\/p>\n\n<h2>Verbraucher&shy;streit&shy;beilegung\/Universal&shy;schlichtungs&shy;stelle<\/h2>\n<p>Wir sind nicht bereit oder verpflichtet, an Streitbeilegungsverfahren vor einer Verbraucherschlichtungsstelle teilzunehmen.<\/p><\/div><\/div>\t\t\t\t<\/div>\n\t\t\t\t<\/div>\n\t\t\t\t\t<\/div>\n\t\t<\/div>\n\t\t\t\t\t<\/div>\n\t\t<\/section>\n\t\t\t\t<\/div>\n\t\t","protected":false},"excerpt":{"rendered":"<p>Impressum Matthias Hansen Inselwatt &#8211; Wattwanderungen Amrum Strunwoi 11 25938 Borgsum Kontakt Telefon: 0151-20232361 E-Mail: info@inselwatt.de Umsatzsteuer-ID Umsatzsteuer-Identifikationsnummer gem&auml;&szlig; &sect; 27 a Umsatzsteuergesetz: DE 134964054 Aufsichtsbeh&ouml;rde Amt F&ouml;hr-Amrum Hafenstra&szlig;e 23 25938 Wyk http:\/\/www.amtfa.de\/ Angaben zur Berufs&shy;haftpflicht&shy;versicherung Name und Sitz des Versicherers: Axa Profi-Schutzhaftpflicht, Sitz der Versicherung: K&ouml;ln Geltungsraum der Versicherung:Deutschland Verbraucher&shy;streit&shy;beilegung\/Universal&shy;schlichtungs&shy;stelle Wir sind nicht bereit [&hellip;]<\/p>\n","protected":false},"author":2,"featured_media":0,"parent":0,"menu_order":0,"comment_status":"closed","ping_status":"closed","template":"","meta":{"site-sidebar-layout":"no-sidebar","site-content-layout":"page-builder","ast-site-content-layout":"full-width-container","site-content-style":"default","site-sidebar-style":"default","ast-global-header-display":"","ast-banner-title-visibility":"","ast-main-header-display":"","ast-hfb-above-header-display":"","ast-hfb-below-header-display":"","ast-hfb-mobile-header-display":"","site-post-title":"","ast-breadcrumbs-content":"","ast-featured-img":"disabled","footer-sml-layout":"","ast-disable-related-posts":"","theme-transparent-header-meta":"","adv-header-id-meta":"","stick-header-meta":"","header-above-stick-meta":"","header-main-stick-meta":"","header-below-stick-meta":"","astra-migrate-meta-layouts":"set","ast-page-background-enabled":"default","ast-page-background-meta":{"desktop":{"background-color":"","background-image":"","background-repeat":"repeat","background-position":"center center","background-size":"auto","background-attachment":"scroll","background-type":"","background-media":"","overlay-type":"","overlay-color":"","overlay-opacity":"","overlay-gradient":""},"tablet":{"background-color":"","background-image":"","background-repeat":"repeat","background-position":"center center","background-size":"auto","background-attachment":"scroll","background-type":"","background-media":"","overlay-type":"","overlay-color":"","overlay-opacity":"","overlay-gradient":""},"mobile":{"background-color":"","background-image":"","background-repeat":"repeat","background-position":"center center","background-size":"auto","background-attachment":"scroll","background-type":"","background-media":"","overlay-type":"","overlay-color":"","overlay-opacity":"","overlay-gradient":""}},"ast-content-background-meta":{"desktop":{"background-color":"var(--ast-global-color-5)","background-image":"","background-repeat":"repeat","background-position":"center center","background-size":"auto","background-attachment":"scroll","background-type":"","background-media":"","overlay-type":"","overlay-color":"","overlay-opacity":"","overlay-gradient":""},"tablet":{"background-color":"var(--ast-global-color-5)","background-image":"","background-repeat":"repeat","background-position":"center center","background-size":"auto","background-attachment":"scroll","background-type":"","background-media":"","overlay-type":"","overlay-color":"","overlay-opacity":"","overlay-gradient":""},"mobile":{"background-color":"var(--ast-global-color-5)","background-image":"","background-repeat":"repeat","background-position":"center center","background-size":"auto","background-attachment":"scroll","background-type":"","background-media":"","overlay-type":"","overlay-color":"","overlay-opacity":"","overlay-gradient":""}},"footnotes":""},"class_list":["post-10650","page","type-page","status-publish","hentry"],"yoast_head":"<!-- This site is optimized with the Yoast SEO plugin v27.5 - https:\/\/yoast.com\/product\/yoast-seo-wordpress\/ -->\n<title>Impressum - Inselwatt Amrum<\/title>\n<meta name=\"description\" content=\"Tide, Flut, Ebbe, Niedrigwasser, Hochwasser, Springtide, Wetter, Sturm, Sonne, Sonnenschutz, Wetterkleidung, Watt, Wattwandern, Strand, Sandbank, Pril, Pricke, Str\u00f6mung, Nordfriesland, Insel, Hallig, F\u00f6hr, Amrum, F\u00e4hre, Warft, Barfu\u00df, Wasser, Wattwurm, Muschel, Auster, Krebs, M\u00f6we, Seestern, Nationalpark, Weltnaturerbe, Zugv\u00f6gel, K\u00fcste, Deich, Natur, Naturschutzgebiet,Odde, D\u00fcne, Schweinwal, Seehund, Kegelrobbe, Scholle, Schnecke, Salzwiesen, Meeresboden, Tidenhub, Marsch, Vorland, Buhne, Salzwasser,Austernfischer, Queller, Knutt, Ringelgans, Graugans, Alpenstrandl\u00e4ufer,Abenteuer\" \/>\n<meta name=\"robots\" content=\"index, follow, max-snippet:-1, max-image-preview:large, max-video-preview:-1\" \/>\n<link rel=\"canonical\" href=\"https:\/\/www.inselwatt.de\/amrum\/impressum-neu\/\" \/>\n<meta property=\"og:locale\" content=\"de_DE\" \/>\n<meta property=\"og:type\" content=\"article\" \/>\n<meta property=\"og:title\" content=\"Impressum - Inselwatt Amrum\" \/>\n<meta property=\"og:description\" content=\"Tide, Flut, Ebbe, Niedrigwasser, Hochwasser, Springtide, Wetter, Sturm, Sonne, Sonnenschutz, Wetterkleidung, Watt, Wattwandern, Strand, Sandbank, Pril, Pricke, Str\u00f6mung, Nordfriesland, Insel, Hallig, F\u00f6hr, Amrum, F\u00e4hre, Warft, Barfu\u00df, Wasser, Wattwurm, Muschel, Auster, Krebs, M\u00f6we, Seestern, Nationalpark, Weltnaturerbe, Zugv\u00f6gel, K\u00fcste, Deich, Natur, Naturschutzgebiet,Odde, D\u00fcne, Schweinwal, Seehund, Kegelrobbe, Scholle, Schnecke, Salzwiesen, Meeresboden, Tidenhub, Marsch, Vorland, Buhne, Salzwasser,Austernfischer, Queller, Knutt, Ringelgans, Graugans, Alpenstrandl\u00e4ufer,Abenteuer\" \/>\n<meta property=\"og:url\" content=\"https:\/\/www.inselwatt.de\/amrum\/impressum-neu\/\" \/>\n<meta property=\"og:site_name\" content=\"Inselwatt Amrum\" \/>\n<meta property=\"article:modified_time\" content=\"2026-03-25T10:47:21+00:00\" \/>\n<meta name=\"twitter:card\" content=\"summary_large_image\" \/>\n<script type=\"application\/ld+json\" class=\"yoast-schema-graph\">{\"@context\":\"https:\\\/\\\/schema.org\",\"@graph\":[{\"@type\":\"WebPage\",\"@id\":\"https:\\\/\\\/www.inselwatt.de\\\/amrum\\\/impressum-neu\\\/\",\"url\":\"https:\\\/\\\/www.inselwatt.de\\\/amrum\\\/impressum-neu\\\/\",\"name\":\"Impressum - Inselwatt Amrum\",\"isPartOf\":{\"@id\":\"https:\\\/\\\/www.inselwatt.de\\\/amrum\\\/#website\"},\"datePublished\":\"2026-03-09T15:23:07+00:00\",\"dateModified\":\"2026-03-25T10:47:21+00:00\",\"description\":\"Tide, Flut, Ebbe, Niedrigwasser, Hochwasser, Springtide, Wetter, Sturm, Sonne, Sonnenschutz, Wetterkleidung, Watt, Wattwandern, Strand, Sandbank, Pril, Pricke, Str\u00f6mung, Nordfriesland, Insel, Hallig, F\u00f6hr, Amrum, F\u00e4hre, Warft, Barfu\u00df, Wasser, Wattwurm, Muschel, Auster, Krebs, M\u00f6we, Seestern, Nationalpark, Weltnaturerbe, Zugv\u00f6gel, K\u00fcste, Deich, Natur, Naturschutzgebiet,Odde, D\u00fcne, Schweinwal, Seehund, Kegelrobbe, Scholle, Schnecke, Salzwiesen, Meeresboden, Tidenhub, Marsch, Vorland, Buhne, Salzwasser,Austernfischer, Queller, Knutt, Ringelgans, Graugans, Alpenstrandl\u00e4ufer,Abenteuer\",\"breadcrumb\":{\"@id\":\"https:\\\/\\\/www.inselwatt.de\\\/amrum\\\/impressum-neu\\\/#breadcrumb\"},\"inLanguage\":\"de\",\"potentialAction\":[{\"@type\":\"ReadAction\",\"target\":[\"https:\\\/\\\/www.inselwatt.de\\\/amrum\\\/impressum-neu\\\/\"]}]},{\"@type\":\"BreadcrumbList\",\"@id\":\"https:\\\/\\\/www.inselwatt.de\\\/amrum\\\/impressum-neu\\\/#breadcrumb\",\"itemListElement\":[{\"@type\":\"ListItem\",\"position\":1,\"name\":\"Startseite\",\"item\":\"https:\\\/\\\/www.inselwatt.de\\\/amrum\\\/\"},{\"@type\":\"ListItem\",\"position\":2,\"name\":\"Impressum\"}]},{\"@type\":\"WebSite\",\"@id\":\"https:\\\/\\\/www.inselwatt.de\\\/amrum\\\/#website\",\"url\":\"https:\\\/\\\/www.inselwatt.de\\\/amrum\\\/\",\"name\":\"Inselwatt Amrum\",\"description\":\"Wattwanderungen Amrum\",\"publisher\":{\"@id\":\"https:\\\/\\\/www.inselwatt.de\\\/amrum\\\/#organization\"},\"potentialAction\":[{\"@type\":\"SearchAction\",\"target\":{\"@type\":\"EntryPoint\",\"urlTemplate\":\"https:\\\/\\\/www.inselwatt.de\\\/amrum\\\/?s={search_term_string}\"},\"query-input\":{\"@type\":\"PropertyValueSpecification\",\"valueRequired\":true,\"valueName\":\"search_term_string\"}}],\"inLanguage\":\"de\"},{\"@type\":\"Organization\",\"@id\":\"https:\\\/\\\/www.inselwatt.de\\\/amrum\\\/#organization\",\"name\":\"Inselwatt Amrum\",\"url\":\"https:\\\/\\\/www.inselwatt.de\\\/amrum\\\/\",\"logo\":{\"@type\":\"ImageObject\",\"inLanguage\":\"de\",\"@id\":\"https:\\\/\\\/www.inselwatt.de\\\/amrum\\\/#\\\/schema\\\/logo\\\/image\\\/\",\"url\":\"https:\\\/\\\/www.inselwatt.de\\\/amrum\\\/wp-content\\\/uploads\\\/2023\\\/01\\\/INSELWATT-LOGO_Weiss-01-Neu.png\",\"contentUrl\":\"https:\\\/\\\/www.inselwatt.de\\\/amrum\\\/wp-content\\\/uploads\\\/2023\\\/01\\\/INSELWATT-LOGO_Weiss-01-Neu.png\",\"width\":1937,\"height\":1013,\"caption\":\"Inselwatt Amrum\"},\"image\":{\"@id\":\"https:\\\/\\\/www.inselwatt.de\\\/amrum\\\/#\\\/schema\\\/logo\\\/image\\\/\"}}]}<\/script>\n<!-- \/ Yoast SEO plugin. -->","yoast_head_json":{"title":"Impressum - Inselwatt Amrum","description":"Tide, Flut, Ebbe, Niedrigwasser, Hochwasser, Springtide, Wetter, Sturm, Sonne, Sonnenschutz, Wetterkleidung, Watt, Wattwandern, Strand, Sandbank, Pril, Pricke, Str\u00f6mung, Nordfriesland, Insel, Hallig, F\u00f6hr, Amrum, F\u00e4hre, Warft, Barfu\u00df, Wasser, Wattwurm, Muschel, Auster, Krebs, M\u00f6we, Seestern, Nationalpark, Weltnaturerbe, Zugv\u00f6gel, K\u00fcste, Deich, Natur, Naturschutzgebiet,Odde, D\u00fcne, Schweinwal, Seehund, Kegelrobbe, Scholle, Schnecke, Salzwiesen, Meeresboden, Tidenhub, Marsch, Vorland, Buhne, Salzwasser,Austernfischer, Queller, Knutt, Ringelgans, Graugans, Alpenstrandl\u00e4ufer,Abenteuer","robots":{"index":"index","follow":"follow","max-snippet":"max-snippet:-1","max-image-preview":"max-image-preview:large","max-video-preview":"max-video-preview:-1"},"canonical":"https:\/\/www.inselwatt.de\/amrum\/impressum-neu\/","og_locale":"de_DE","og_type":"article","og_title":"Impressum - Inselwatt Amrum","og_description":"Tide, Flut, Ebbe, Niedrigwasser, Hochwasser, Springtide, Wetter, Sturm, Sonne, Sonnenschutz, Wetterkleidung, Watt, Wattwandern, Strand, Sandbank, Pril, Pricke, Str\u00f6mung, Nordfriesland, Insel, Hallig, F\u00f6hr, Amrum, F\u00e4hre, Warft, Barfu\u00df, Wasser, Wattwurm, Muschel, Auster, Krebs, M\u00f6we, Seestern, Nationalpark, Weltnaturerbe, Zugv\u00f6gel, K\u00fcste, Deich, Natur, Naturschutzgebiet,Odde, D\u00fcne, Schweinwal, Seehund, Kegelrobbe, Scholle, Schnecke, Salzwiesen, Meeresboden, Tidenhub, Marsch, Vorland, Buhne, Salzwasser,Austernfischer, Queller, Knutt, Ringelgans, Graugans, Alpenstrandl\u00e4ufer,Abenteuer","og_url":"https:\/\/www.inselwatt.de\/amrum\/impressum-neu\/","og_site_name":"Inselwatt Amrum","article_modified_time":"2026-03-25T10:47:21+00:00","twitter_card":"summary_large_image","schema":{"@context":"https:\/\/schema.org","@graph":[{"@type":"WebPage","@id":"https:\/\/www.inselwatt.de\/amrum\/impressum-neu\/","url":"https:\/\/www.inselwatt.de\/amrum\/impressum-neu\/","name":"Impressum - Inselwatt Amrum","isPartOf":{"@id":"https:\/\/www.inselwatt.de\/amrum\/#website"},"datePublished":"2026-03-09T15:23:07+00:00","dateModified":"2026-03-25T10:47:21+00:00","description":"Tide, Flut, Ebbe, Niedrigwasser, Hochwasser, Springtide, Wetter, Sturm, Sonne, Sonnenschutz, Wetterkleidung, Watt, Wattwandern, Strand, Sandbank, Pril, Pricke, Str\u00f6mung, Nordfriesland, Insel, Hallig, F\u00f6hr, Amrum, F\u00e4hre, Warft, Barfu\u00df, Wasser, Wattwurm, Muschel, Auster, Krebs, M\u00f6we, Seestern, Nationalpark, Weltnaturerbe, Zugv\u00f6gel, K\u00fcste, Deich, Natur, Naturschutzgebiet,Odde, D\u00fcne, Schweinwal, Seehund, Kegelrobbe, Scholle, Schnecke, Salzwiesen, Meeresboden, Tidenhub, Marsch, Vorland, Buhne, Salzwasser,Austernfischer, Queller, Knutt, Ringelgans, Graugans, Alpenstrandl\u00e4ufer,Abenteuer","breadcrumb":{"@id":"https:\/\/www.inselwatt.de\/amrum\/impressum-neu\/#breadcrumb"},"inLanguage":"de","potentialAction":[{"@type":"ReadAction","target":["https:\/\/www.inselwatt.de\/amrum\/impressum-neu\/"]}]},{"@type":"BreadcrumbList","@id":"https:\/\/www.inselwatt.de\/amrum\/impressum-neu\/#breadcrumb","itemListElement":[{"@type":"ListItem","position":1,"name":"Startseite","item":"https:\/\/www.inselwatt.de\/amrum\/"},{"@type":"ListItem","position":2,"name":"Impressum"}]},{"@type":"WebSite","@id":"https:\/\/www.inselwatt.de\/amrum\/#website","url":"https:\/\/www.inselwatt.de\/amrum\/","name":"Inselwatt Amrum","description":"Wattwanderungen Amrum","publisher":{"@id":"https:\/\/www.inselwatt.de\/amrum\/#organization"},"potentialAction":[{"@type":"SearchAction","target":{"@type":"EntryPoint","urlTemplate":"https:\/\/www.inselwatt.de\/amrum\/?s={search_term_string}"},"query-input":{"@type":"PropertyValueSpecification","valueRequired":true,"valueName":"search_term_string"}}],"inLanguage":"de"},{"@type":"Organization","@id":"https:\/\/www.inselwatt.de\/amrum\/#organization","name":"Inselwatt Amrum","url":"https:\/\/www.inselwatt.de\/amrum\/","logo":{"@type":"ImageObject","inLanguage":"de","@id":"https:\/\/www.inselwatt.de\/amrum\/#\/schema\/logo\/image\/","url":"https:\/\/www.inselwatt.de\/amrum\/wp-content\/uploads\/2023\/01\/INSELWATT-LOGO_Weiss-01-Neu.png","contentUrl":"https:\/\/www.inselwatt.de\/amrum\/wp-content\/uploads\/2023\/01\/INSELWATT-LOGO_Weiss-01-Neu.png","width":1937,"height":1013,"caption":"Inselwatt Amrum"},"image":{"@id":"https:\/\/www.inselwatt.de\/amrum\/#\/schema\/logo\/image\/"}}]}},"_links":{"self":[{"href":"https:\/\/www.inselwatt.de\/amrum\/wp-json\/wp\/v2\/pages\/10650","targetHints":{"allow":["GET"]}}],"collection":[{"href":"https:\/\/www.inselwatt.de\/amrum\/wp-json\/wp\/v2\/pages"}],"about":[{"href":"https:\/\/www.inselwatt.de\/amrum\/wp-json\/wp\/v2\/types\/page"}],"author":[{"embeddable":true,"href":"https:\/\/www.inselwatt.de\/amrum\/wp-json\/wp\/v2\/users\/2"}],"replies":[{"embeddable":true,"href":"https:\/\/www.inselwatt.de\/amrum\/wp-json\/wp\/v2\/comments?post=10650"}],"version-history":[{"count":14,"href":"https:\/\/www.inselwatt.de\/amrum\/wp-json\/wp\/v2\/pages\/10650\/revisions"}],"predecessor-version":[{"id":10678,"href":"https:\/\/www.inselwatt.de\/amrum\/wp-json\/wp\/v2\/pages\/10650\/revisions\/10678"}],"wp:attachment":[{"href":"https:\/\/www.inselwatt.de\/amrum\/wp-json\/wp\/v2\/media?parent=10650"}],"curies":[{"name":"wp","href":"https:\/\/api.w.org\/{rel}","templated":true}]}}